48956?
4
What is the units digit of 79480?
0
What is the ten millions digit of 23607117?
2
What is the hundreds digit of 925285?
2
What is the units digit of 670807?
7
What is the hundred thousands digit of 3168453?
1
What is the units digit of 8768938?
8
What is the hundreds digit of 432155?
1
What is the thousands digit of 163497?
3
What is the tens digit of 82870?
7
What is the thousands digit of 6991280?
1
What is the ten thousands digit of 368042?
6
What is the millions digit of 2314439?
2
What is the millions digit of 7510127?
7
What is the millions digit of 9552174?
9
What is the hundreds digit of 413226?
2
What is the ten thousands digit of 914536?
1
What is the units digit of 13396064?
4
What is the units digit of 136634?
4
What is the hundred thousands digit of 4718752?
7
What is the units digit of 2826915?
5
What is the hundred thousands digit of 1250501?
2
What is the tens digit of 12467626?
2
What is the hundred thousands digit of 201929?
2
What is the ten thousands digit of 581210?
8
What is the thousands digit of 469597?
9
What is the units digit of 297721?
1
What is the units digit of 357458?
8
What is the hundred thousands digit of 7516032?
5
What is the thousands digit of 981364?
1
What is the hundreds digit of 1960493?
4
What is the thousands digit of 2540904?
0
What is the ten thousands digit of 327159?
2
What is the tens digit of 200762?
6
What is the hundreds digit of 28411035?
0
What is the hundred thousands digit of 309813?
3
What is the ten thousands digit of 5741105?
4
What is the units digit of 1686557?
7
What is the ten thousands digit of 2288386?
8
What is the hundreds digit of 2600309?
3
What is the ten thousands digit of 87584?
8
What is the units digit of 3236127?
7
What is the tens digit of 1083788?
8
What is the units digit of 5704079?
9
What is the ten thousands digit of 3150462?
5
What is the ten thousands digit of 8036507?
3
What is the tens digit of 79235?
3
What is the millions digit of 6885596?
6
What is the tens digit of 5068928?
2
What is the hundreds digit of 2547623?
6
What is the units digit of 1015182?
2
What is the thousands digit of 2002503?
2
What is the hundred thousands digit of 1191593?
1
What is the ten thousands digit of 34888661?
8
What is the units digit of 143176?
6
What is the millions digit of 8453117?
8
What is the units digit of 87953?
3
What is the tens digit of 864434?
3
What is the hundreds digit of 2346612?
6
What is the hundred thousands digit of 410442?
4
What is the hundred thousands digit of 437853?
4
What is the hundred thousands digit of 237790?
2
What is the hundred thousands digit of 187925?
1
What is the millions digit of 10476624?
0
What is the millions digit of 3134983?
3
What is the millions digit of 27058486?
7
What is the ten thousands digit of 33146650?
4
What is the hundred thousands digit of 317690?
3
What is the hundred thousands digit of 9944416?
9
What is the units digit of 774516?
6
What is the tens digit of 4942699?
9
What is the millions digit of 4272853?
4
What is the ten thousands digit of 768637?
6
What is the tens digit of 1288776?
7
What is the hundreds digit of 7326638?
6
What is the hundred thousands digit of 4539825?
5
What is the units digit of 73875?
5
What is the hundred thousands digit of 564753?
5
What is the tens digit of 667048?
4
What is the thousands digit of 829070?
9
What is the hundred thousands digit of 646839?
6
What is the thousands digit of 104056?
4
What is the hundred thousands digit of 9153900?
1
What is the units digit of 3806265?
5
What is the tens digit of 728219?
1
What is the units digit of 726726?
6
What is the thousands digit of 21860207?
0
What is the millions digit of 1815702?
1
What is the units digit of 8625397?
7
What is the hundreds digit of 250260?
2
What is the tens digit of 401159?
5
What is the tens digit of 17633972?
7
What is the ten thousands digit of 891442?
9
What is the ten thousands digit of 22637?
2
What is the hundred thousands digit of 508311?
5
What is the thousands digit of 1601518?
1
What is the thousands digit of 155891?
5
What is the hundreds digit of 2282448?
4
What is the ten thousands digit of 290494?
9
What is the millions digit of 19143822?
9
What is the units digit of 2996545?
5
What is the thousands digit of 311293?
1
What is the ten thousands digit of 5028883?
2
What is the thousands digit of 428409?
8
What is the thousands digit of 3299335?
9
What is the tens digit of 350632?
3
What is the tens digit of 21743964?
6
What is the thousands digit of 20227589?
7
What is the units digit of 132597?
7
What is the hundred thousands digit of 420469?
4
What is the ten thousands digit of 27859?
2
What is the hundreds digit of 4243262?
2
What is the hundreds digit of 332103?
1
What is the units digit of 4824?
4
What is the tens digit of 34147169?
6
What is the units digit of 36208?
8
What is the units digit of 40623?
3
What is the thousands digit of 743791?
3
What is the units digit of 8668756?
6
What is the thousands digit of 702215?
2
What is the ten thousands digit of 381241?
8
What is the hundreds digit of 2474885?
8
What is the ten thousands digit of 2634021?
3
What is the hundreds digit of 5317314?
3
What is the millions digit of 3066033?
3
What is the hundreds digit of 3662087?
0
What is the thousands digit of 185173?
5
What is the units digit of 146305?
5
What is the tens digit of 133039?
3
What is the hundred thousands digit of 29954759?
9
What is the millions digit of 3413564?
3
What is the units digit of 963333?
3
What is the tens digit of 27267998?
9
What is the hundred thousands digit of 813656?
8
What is the tens digit of 7409?
0
What is the hundred thousands digit of 2013521?
0
What is the hundred thousands digit of 10207338?
2
What is the thousands digit of 2619205?
9
What is the units digit of 27731?
1
What is the tens digit of 6404384?
8
What is the tens digit of 26027771?
7
What is the tens digit of 1621057?
5
What is the thousands digit of 18551?
8
What is the units digit of 875577?
7
What is the thousands digit of 5064486?
4
What is the tens digit of 360914?
1
What is the units digit of 169040?
0
What is the hundreds digit of 739329?
3
What is the millions digit of 3882897?
3
What is the ten thousands digit of 41515?
4
What is the tens digit of 124216?
1
What is the ten thousands digit of 1352032?
5
What is the millions digit of 1536661?
1
What is the hundreds digit of 5689073?
0
What is the thousands digit of 8449998?
9
What is the thousands digit of 4021444?
1
What is the ten thousands digit of 15099787?
9
What is the hundred thousands digit of 556865?
5
What is the ten thousands digit of 410275?
1
What is the hundreds digit of 2749399?
3
What is the ten thousands digit of 11089329?
8
What is the ten thousands digit of 5234726?
3
What is the thousands digit of 293412?
3
What is the tens digit of 125797?
9
What is the thousands digit of 213379?
3
What is the millions digit of 18120086?
8
What is the millions digit of 1478749?
1
What is the thousands digit of 20684551?
4
What is the tens digit of 85668?
6
What is the hundred thousands digit of 150832?
1
What is the tens digit of 183588?
8
What is the thousands digit of 66059?
6
What is the ten thousands digit of 447195?
4
What is the hundreds digit of 5447250?
2
What is the hundreds digit of 5485008?
0
What is the thousands digit of 1972358?
2
What is the ten thousands digit of 9534113?
3
What is the hundreds digit of 61753?
7
What is the millions digit of 1972131?
1
What is the hundred thousands digit of 257106?
2
What is the millions digit of 1057357?
1
What is the units digit of 257174?
4
What is the millions digit of 5135561?
5
What is the millions digit of 3832561?
3
What is the units digit of 954092?
2
What is the hundred thousands digit of 617324?
6
What is the hundreds digit of 3682796?
7
What is the units digit of 803378?
8
What is the units digit of 14533435?
5
What is the hundreds digit of 11437769?
7
What is the hundreds digit of 831800?
8
What is the hundreds digit of 472274?
2
What is the hundreds digit of 84579?
5
What is the ten thousands digit of 2588704?
8
What is the tens digit of 1030253?
5
What is the hundreds digit of 2180807?
8
What is the units digit of 3782388?
8
What is the thousands digit of 449873?
9